 is divided by g.
12
Suppose 46*h + 9*h - 24*h = 2449. Suppose 3*x - 5 = -r - 0*r, 54 = 3*r - 4*x. Calculate the remainder when h is divided by r.
9
Let b = 123 + -4. What is the remainder when b is divided by 62?
57
Suppose -127*b + 1834 = -6421. What is the remainder when 712 is divided by b?
62
Let u(l) = -l**2 + 29*l + 105. What is the remainder when 34 is divided by u(32)?
7
Suppose -2*x - 24 - 8 = 5*y, 0 = 5*y - 3*x + 52. Let s(w) = w + 8. Calculate the remainder when s(6) is divided by (0 - -1 - 0)/((-1)/y).
6
Let l = -166 + 232. Calculate the remainder when 206 is divided by l.
8
Let u(a) = a - 12. Let w be u(17). Suppose 5*v - w*i = 90, 4*i - 4 = -0. Calculate the remainder when 53 is divided by v.
15
Suppose -5*g + 58 = -4*q, -2*q - 3*q = 4*g + 93. Let u = 56 - -93. Let n = u + q. Calculate the remainder when n is divided by 27.
24
Suppose 3*l + 3*m + m = 110, 0 = -2*m + 10. Suppose -5*o = -3*o - l. What is the remainder when 119 is divided by o?
14
Suppose -91*u - 42 = -93*u. What is the remainder when 80 is divided by u?
17
Suppose o = -2*l, -3*o = -5*l + 7*l. Suppose 40 = 4*u - 4*g - 0*g, 5*u + 5*g - 20 = l. Let y(b) = -b - 1. Calculate the remainder when u is divided by y(-6).
2
Let g(i) = i**3 - 7*i**2 - 8*i + 20. Suppose -3*o + 7 + 290 = 0. What is the remainder when o is divided by g(8)?
19
Let w = -223 + 397. What is the remainder when w is divided by 35?
34
Let j(g) = -22*g**2 + 4*g**3 - 7*g**2 - 5*g**3 - 20*g + 19*g**2 - 12. Let r be j(-8). Suppose -73 = -f - r. Calculate the remainder when f is divided by 14.
11
Suppose -g - 4*q - 8 = -0, 0 = 5*g - 4*q - 8. Suppose g = 4*y - 44 - 40. What is the remainder when y is divided by -1 - -1 - (-2 + -10)?
9
Let w = 173 - 143. What is the remainder when 108 is divided by w?
18
Suppose 1560 + 12409 = 61*d. Calculate the remainder when d is divided by 62.
43
Let c(o) = -39*o - 38. What is the remainder when c(-9) is divided by 35?
33
Suppose 0 = g + 3*v - 2, 4*g + 24 = -v + 76. Calculate the remainder when 77 is divided by g.
7
Let c(o) = o**3 + o**2 - 24*o + 6. Calculate the remainder when c(5) is divided by 22.
14
Let c be (-31)/6 - (-4)/24. Let u(m) = -3 + 12 - m + m**2 + 4*m. Calculate the remainder when u(c) is divided by 5.
4
Suppose -3*d + 3*f = f - 39, 3*d + 5*f = 39. Suppose 3*s - 92 = 4*y, 3*y + 111 = 9*s - 5*s. What is the remainder when s is divided by d?
11
Let f(d) be the first derivative of 2*d**2 - 9*d + 27. Calculate the remainder when 11 is divided by f(3).
2
Let v = -8 + 56. Suppose 4*u - 5 - 99 = 0. What is the remainder when v is divided by u?
22
Let z = 63 - 44. Let f(p) be the first derivative of -8*p**2 - 105*p - 71. What is the remainder when z is divided by f(-7)?
5
Let p = 11 + 49. Suppose -6*m - p = -9*m. Calculate the remainder when 138 is divided by m.
18
Suppose -3*u = -3, -2*p + 1021 = 2*u - 577. What is the remainder when p is divided by 20?
18
Let a = 61 - -45. Suppose 0 = -6*q + 4*q + a. Calculate the remainder when q is divided by 14.
11
Suppose -8*k + 7*k + 6 = 0. Suppose -o - o + 8 = 0. What is the remainder when k is divided by 1 + 1/(-1) + o?
2
Calculate the remainder when 8/(-12)*(-95 + 2 + 0) is divided by 16.
14
Let y be 32/8 - (-1 - 0)*-19. Suppose -43 = -2*m - 3. Let q = m + y. Calculate the remainder when 12 is divided by q.
2
Let i = 41 - -22. What is the remainder when i is divided by 11?
8
Let k(r) = r**2 + 27*r + 56. Let y be k(-25). Suppose 320 = -y*x + 10*x. What is the remainder when x is divided by -54*(0 - 1)/2?
26
Let m(b) = b**2 - 8*b - 5. Let y be (13/(-3))/(16/(-48)). Let f = 16 - y. What is the remainder when m(9) is divided by f?
1
What is the remainder when 38240/130 - 9 - 2/13 is divided by 24?
21
Suppose 14 + 6 = 2*u. Let i = 15 + 75. Suppose 7*o - 2*o = i. Calculate the remainder when o is divided by u.
8
Suppose 2*r + 11*n = 12*n + 126, -5*n = -r + 45. Calculate the remainder when 322 is divided by r.
62
Suppose 0 = -k - 2*k - 3. Let p = 55 + -51. Calculate the remainder when (-40)/(-3) + k/3 is divided by p.
1
Suppose -138 = 33*f - 36*f. Calculate the remainder when f is divided by 24.
22
Let j = 9 - 9. Calculate the remainder when 63 is divided by (-360)/(-10) - (j + 3).
30
Suppose 6*z - 9 = 3*q + 9*z, -16 = 4*z. Let m(g) be the second derivative of 5*g**3/2 - g**2/2 + 2*g. Calculate the remainder when 26 is divided by m(q).
12
Let d = 34 - 29. Suppose 5*t + 3 = -12, -d*t + 48 = 3*f. What is the remainder when 83 is divided by f?
20
Let w be (-1 - (-2)/(-2))*-3. Let r(z) = -z**3 + 7*z**2 - 4*z + 12. Let x = 224 + -131. Calculate the remainder when x is divided by r(w).
21
Let w(m) = 4*m - 59. What is the remainder when 19 is divided by w(18)?
6
Let s(p) = -4*p**3 + 2*p**2 + 2*p - 2. Let y be s(3). Let f = -43 - y. Suppose -b + f = 14. What is the remainder when 56 is divided by b?
27
Suppose 3*d = 3*r - 210, 174*d - 175*d = -2*r + 143. What is the remainder when r is divided by 15?
13
Suppose 19*i - 16*i - 313 = -2*w, -w + 140 = -4*i. What is the remainder when w is divided by 53?
46
Suppose 47 = 3*y - 106. Suppose 2*r - 4*r + 32 = 2*i, 0 = 2*i - 4*r - 44. Calculate the remainder when y is divided by i.
15
Suppose 30 + 154 = 8*c. What is the remainder when c is divided by 14?
9
Suppose -2*f = 2 - 196. Suppose 2*r + j - 58 = 0, -r + j = 2*r - f. Calculate the remainder when 121 is divided by r.
28
Suppose 5*u - 4*z - 751 = -113, 0 = -5*u + 5*z + 635. What is the remainder when u is divided by 35?
25
Let r = -1718 + 1725. Calculate the remainder when 334 is divided by r.
5
Suppose -6*l + 192 = -10*l. Let z = l - -90. Suppose -7*h + z = -4*h. Calculate the remainder when h is divided by 4.
2
Let s(x) = x**2 - 35*x + 186. What is the remainder when 1546 is divided by s(5)?
34
Suppose 0 = 4*v + 5*u - 119 - 100, 239 = 4*v + u. What is the remainder when v is divided by 16?
13
Suppose -5*w + 198 + 247 = 0. Calculate the remainder when w is divided by 23.
20
Suppose -27 = -10*z + 3. Let k(o) = o**2 + o - 1. Calculate the remainder when 41 is divided by k(z).
8
Suppose 5*n + 5*d - 18 = -3, -5*n - 3*d + 7 = 0. Let t be n/(272/(-92) + 3). Let p = 43 + t. Calculate the remainder when 39 is divided by p.
19
Suppose -o + 68 = 3*r - 75, r - 69 = 5*o. Let c = 90 - r. Let p(j) = j + 22. Calculate the remainder when c is divided by p(0).
19
Let c = -128 - -183. Suppose 3*v + 15 = 0, 8*i + v = 7*i + 9. Calculate the remainder when c is divided by i.
13
Let b(m) = -7*m**2 + 164*m + 18. What is the remainder when b(23) is divided by 32?
23
Suppose -281 = -w - 2*z - 3*z, 3*w - 2*z - 843 = 0. What is the remainder when w is divided by 57?
53
Let i be (158/(-3))/(-2)*3. Let a = i - 28. What is the remainder when a is divided by 6?
3
Suppose -4*g = q - 6*g - 17, 0 = 2*g - 8. Suppose -3 - 7 = -3*h + f, -3*f = 2*h - q. Calculate the remainder when 18 is divided by h.
3
Let a = 88 - -64. Calculate the remainder when a is divided by 36.
8
Suppose -14*s + 8*s = -24. Suppose -4*d = d - q - 435, s*q + 156 = 2*d. What is the remainder when d is divided by 30?
28
Let u(n) = 6*n - 3. Let g(t) be the second derivative of -t**3/2 + t**2 + 5*t. Let d(h) = 5*g(h) + 2*u(h). Calculate the remainder when 36 is divided by d(-5).
17
Let q = -6874 + 6890. Suppose 3*a + 2*o = -2*o + 89, 120 = 4*a + 4*o. What is the remainder when a is divided by q?
15
Let q(v) = v**3 - 27*v**2 - 2*v + 94. What is the remainder when q(28) is divided by 55?
52
Let w(b) = 3*b**2 - 2*b + 2. Suppose l = -13 + 22. Calculate the remainder when w(-3) is divided by l.
8
Let o = -302 - -308. Let y = -3 - -30. Calculate the remainder when y is divided by o.
3
Suppose 110 = 2*h - 38. Suppose 132 = 76*j - h*j. Calculate the remainder when j is divided by 12.
6
Suppose 4*t - 11*t + 5 = -2*t. Let q = 5 - -3. What is the remainder when q is divided by t?
0
Suppose 2*i + 780 = 788. What is the remainder when 25 is divided by i?
1
Let h = 1825 - 1628. Calculate the remainder when 403 is divided by h.
9
Suppose -2*o - 2*o + 436 = 0. What is the remainder when o is divided by (2 - (-81)/(-18))*((-528)/(-10))/(-6)?
21
Suppose 2 = y - 0*y. Suppose -3*q + 36 = -3*m, -y*q = 2*m + 3*m - 3. Calculate the remainder when (-4)/5*(-260)/8 is divided by q.
8
Let i = -8 - -7. Let w = 4 - i. Let z(k) = -k*